9?
38
What is the remainder when 189 is divided by 16?
13
What is the remainder when 748 is divided by 125?
123
Calculate the remainder when 267 is divided by 90.
87
Calculate the remainder when 110 is divided by 22.
0
Calculate the remainder when 115 is divided by 41.
33
What is the remainder when 637 is divided by 208?
13
Calculate the remainder when 2387 is divided by 10.
7
Calculate the remainder when 1569 is divided by 68.
5
Calculate the remainder when 179 is divided by 86.
7
Calculate the remainder when 84 is divided by 47.
37
What is the remainder when 574 is divided by 58?
52
Calculate the remainder when 395 is divided by 105.
80
Calculate the remainder when 461 is divided by 3.
2
Calculate the remainder when 821 is divided by 58.
9
Calculate the remainder when 781 is divided by 166.
117
Calculate the remainder when 32 is divided by 31.
1
What is the remainder when 21 is divided by 2?
1
Calculate the remainder when 18 is divided by 4.
2
What is the remainder when 433 is divided by 20?
13
What is the remainder when 54 is divided by 20?
14
What is the remainder when 2384 is divided by 788?
20
Calculate the remainder when 14 is divided by 6.
2
What is the remainder when 427 is divided by 107?
106
Calculate the remainder when 141 is divided by 21.
15
Calculate the remainder when 85 is divided by 25.
10
What is the remainder when 1228 is divided by 36?
4
Calculate the remainder when 2509 is divided by 194.
181
Calculate the remainder when 69 is divided by 11.
3
Calculate the remainder when 1145 is divided by 82.
79
Calculate the remainder when 999 is divided by 77.
75
What is the remainder when 948 is divided by 207?
120
What is the remainder when 104 is divided by 41?
22
What is the remainder when 264 is divided by 15?
9
What is the remainder when 95 is divided by 8?
7
What is the remainder when 155 is divided by 10?
5
Calculate the remainder when 231 is divided by 36.
15
Calculate the remainder when 166 is divided by 12.
10
What is the remainder when 20696 is divided by 23?
19
What is the remainder when 197 is divided by 20?
17
Calculate the remainder when 141 is divided by 36.
33
What is the remainder when 1308 is divided by 165?
153
What is the remainder when 50 is divided by 18?
14
Calculate the remainder when 1571 is divided by 15.
11
What is the remainder when 234 is divided by 7?
3
What is the remainder when 63 is divided by 28?
7
What is the remainder when 721 is divided by 29?
25
Calculate the remainder when 557 is divided by 31.
30
What is the remainder when 308 is divided by 154?
0
What is the remainder when 319 is divided by 234?
85
Calculate the remainder when 1283 is divided by 13.
9
What is the remainder when 2348 is divided by 14?
10
What is the remainder when 296 is divided by 19?
11
Calculate the remainder when 51 is divided by 38.
13
Calculate the remainder when 7000 is divided by 6993.
7
What is the remainder when 304 is divided by 61?
60
What is the remainder when 1435 is divided by 48?
43
Calculate the remainder when 176 is divided by 30.
26
Calculate the remainder when 1312 is divided by 223.
197
What is the remainder when 2058 is divided by 29?
28
What is the remainder when 38444 is divided by 233?
232
Calculate the remainder when 377 is divided by 42.
41
What is the remainder when 187 is divided by 22?
11
What is the remainder when 359 is divided by 42?
23
What is the remainder when 303 is divided by 65?
43
What is the remainder when 101 is divided by 36?
29
Calculate the remainder when 187 is divided by 37.
2
What is the remainder when 173 is divided by 29?
28
Calculate the remainder when 260 is divided by 131.
129
Calculate the remainder when 134 is divided by 19.
1
Calculate the remainder when 1198 is divided by 173.
160
What is the remainder when 6956 is divided by 24?
20
What is the remainder when 232 is divided by 85?
62
Calculate the remainder when 233 is divided by 9.
8
Calculate the remainder when 3467 is divided by 68.
67
What is the remainder when 48 is divided by 21?
6
What is the remainder when 489 is divided by 33?
27
What is the remainder when 712 is divided by 239?
234
Calculate the remainder when 132 is divided by 41.
9
Calculate the remainder when 189 is divided by 38.
37
Calculate the remainder when 446 is divided by 9.
5
Calculate the remainder when 4629 is divided by 28.
9
What is the remainder when 766 is divided by 382?
2
What is the remainder when 770 is divided by 97?
91
Calculate the remainder when 2623 is divided by 16.
15
Calculate the remainder when 655 is divided by 122.
45
Calculate the remainder when 838 is divided by 44.
2
What is the remainder when 521 is divided by 131?
128
What is the remainder when 6123 is divided by 6?
3
Calculate the remainder when 48 is divided by 35.
13
What is the remainder when 213 is divided by 36?
33
What is the remainder when 12732 is divided by 35?
27
What is the remainder when 91 is divided by 32?
27
Calculate the remainder when 4915 is divided by 246.
241
Calculate the remainder when 21 is divided by 8.
5
Calculate the remainder when 1157 is divided by 16.
5
Calculate the remainder when 261 is divided by 33.
30
What is the remainder when 1604 is divided by 332?
276
What is the remainder when 32 is divided by 17?
15
What is the remainder when 897 is divided by 45?
42
What is the remainder when 1132 is divided by 560?
12
What is the remainder when 3399 is divided by 189?
186
What is the remainder when 168 is divided by 71?
26
Calculate the remainder when 119 is divided by 31.
26
Calculate the remainder when 570 is divided by 284.
2
Calculate the remainder when 160 is divided by 14.
6
What is the remainder when 32 is divided by 12?
8
What is the remainder when 3793 is divided by 115?
113
What is the remainder when 269 is divided by 88?
5
What is the remainder when 4472 is divided by 1487?
11
What is the remainder when 620 is divided by 7?
4
Calculate the remainder when 73 is divided by 41.
32
What is the remainder when 857 is divided by 124?
113
Calculate the remainder when 119 is divided by 32.
23
What is the remainder when 1659 is divided by 9?
3
Calculate the remainder when 225 is divided by 76.
73
What is the remainder when 57 is divided by 16?
9
What is the remainder when 17 is divided by 7?
3
Calculate the remainder when 215 is divided by 132.
83
Calculate the remainder when 143 is divided by 51.
41
Calculate the remainder when 483 is divided by 44.
43
What is the remainder when 99 is divided by 21?
15
Calculate the remainder when 96 is divided by 9.
6
What is the remainder when 70 is divided by 16?
6
Calculate the remainder when 580 is divided by 144.
4
What is the remainder when 9825 is divided by 10?
5
What is the remainder when 887 is divided by 28?
19
What is the remainder when 2307 is divided by 15?
12
What is the remainder when 2446 is divided by 93?
28
Calculate the remainder when 91 is divided by 30.
1
What is the remainder when 1804 is divided by 598?
10
Calculate the remainder when 1112 is divided by 139.
0
What is the remainder when 11 is divided by 10?
1
Calculate the remainder when 702 is divided by 15.
12
What is the remainder when 12462 is divided by 16?
14
What is the remainder when 337 is divided by 57?
52
Calculate the remainder when 2315 is divided by 749.
68
Calculate the remainder when 163 is divided by 29.
18
Calculate the remainder when 215 is divided by 37.
30
Calculate the remainder when 81 is divided by 45.
36
What is the remainder when 96 is divided by 26?
18
What is the remainder when 58 is divided by 46?
12
Calculate the remainder when 642 is divided by 76.
34
Calculate the remainder when 250 is divided by 15.
10
Calculate the remainder when 142 is divided by 6.
4
What is the remainder when 36 is divided by 21?
15
What is the remainder when 931 is divided by 4?
3
What is the remainder when 216 is divided by 17?
12
Calculate the remainder when 391 is divided by 92.
23
Calculate the remainder when 524 is divided by 128.
12
What is the remainder when 1714 is divided by 570?
4
What is the remainder when 123 is divided by 21?
18
Calculate the remainder when 117 is divided by 73.
44
What is the remainder when 121 is divided by 43?
35
What is the remainder when 228 is divided by 11?
8
What is the remainder when 118 is 